of 19 and 494.
19
What is the greatest common divisor of 11632 and 16?
16
Calculate the highest common divisor of 259 and 111.
37
Calculate the greatest common factor of 2807 and 14.
7
Calculate the highest common factor of 63 and 14.
7
Calculate the greatest common factor of 208 and 130.
26
What is the greatest common factor of 81 and 216?
27
What is the highest common factor of 684 and 144?
36
What is the greatest common divisor of 118 and 3776?
118
What is the highest common divisor of 28 and 64?
4
What is the greatest common factor of 111 and 185?
37
What is the highest common factor of 186 and 15159?
93
Calculate the greatest common divisor of 445 and 5.
5
Calculate the greatest common factor of 323 and 76.
19
Calculate the greatest common divisor of 14 and 77.
7
Calculate the highest common divisor of 1900 and 76.
76
Calculate the highest common factor of 14 and 406.
14
Calculate the greatest common factor of 285 and 345.
15
Calculate the highest common divisor of 927 and 57.
3
What is the highest common divisor of 28 and 126?
14
What is the highest common factor of 10397 and 562?
281
Calculate the highest common divisor of 108 and 594.
54
What is the highest common factor of 5016 and 1064?
152
Calculate the highest common divisor of 54004 and 184.
92
Calculate the greatest common divisor of 10 and 8090.
10
Calculate the highest common factor of 140 and 812.
28
What is the greatest common divisor of 74 and 7363?
37
What is the greatest common divisor of 5 and 3935?
5
What is the highest common divisor of 10 and 485?
5
What is the highest common factor of 286 and 4180?
22
Calculate the greatest common divisor of 784 and 28.
28
What is the greatest common divisor of 405 and 225?
45
Calculate the highest common divisor of 6 and 24558.
6
What is the greatest common divisor of 345 and 1635?
15
Calculate the highest common factor of 385 and 350.
35
Calculate the greatest common divisor of 623 and 89.
89
What is the highest common factor of 572 and 104?
52
Calculate the greatest common factor of 15 and 405.
15
Calculate the highest common factor of 667 and 29.
29
Calculate the greatest common divisor of 736 and 16560.
368
Calculate the highest common divisor of 38 and 342.
38
Calculate the highest common factor of 100 and 1425.
25
Calculate the greatest common divisor of 27 and 108.
27
What is the highest common divisor of 713 and 161?
23
What is the greatest common factor of 99 and 25179?
33
What is the highest common divisor of 65 and 14495?
65
What is the greatest common factor of 308 and 700?
28
What is the greatest common factor of 2 and 128?
2
Calculate the highest common factor of 55 and 3883.
11
Calculate the highest common factor of 2 and 6.
2
Calculate the greatest common factor of 72 and 117.
9
Calculate the greatest common factor of 1953 and 18.
9
Calculate the greatest common factor of 105 and 65.
5
Calculate the greatest common factor of 20 and 11010.
10
What is the greatest common divisor of 105 and 7185?
15
Calculate the highest common factor of 57 and 133.
19
Calculate the greatest common divisor of 6 and 10.
2
Calculate the highest common divisor of 207 and 2313.
9
What is the highest common factor of 361 and 3439?
19
What is the highest common divisor of 34 and 82?
2
Calculate the greatest common factor of 100 and 810.
10
Calculate the highest common factor of 360 and 5280.
120
What is the highest common divisor of 12 and 36?
12
Calculate the greatest common factor of 285 and 65.
5
What is the highest common divisor of 144 and 32?
16
Calculate the greatest common divisor of 81 and 3339.
9
Calculate the highest common factor of 82459 and 13.
13
What is the greatest common divisor of 435 and 609?
87
Calculate the highest common factor of 108 and 1593.
27
Calculate the greatest common divisor of 596 and 60.
4
Calculate the greatest common factor of 16 and 8.
8
Calculate the greatest common divisor of 1924 and 52.
52
Calculate the greatest common divisor of 148 and 1776.
148
Calculate the greatest common divisor of 9 and 21.
3
What is the greatest common divisor of 38 and 35302?
38
Calculate the greatest common divisor of 136 and 153.
17
Calculate the highest common divisor of 68 and 20.
4
Calculate the highest common divisor of 189 and 27.
27
Calculate the greatest common divisor of 153 and 1411.
17
What is the greatest common divisor of 132 and 990?
66
Calculate the highest common factor of 1416 and 12.
12
What is the highest common divisor of 70 and 120?
10
What is the highest common divisor of 225 and 150?
75
What is the highest common divisor of 576 and 17496?
72
What is the greatest common divisor of 3 and 54?
3
What is the highest common factor of 34 and 2?
2
Calculate the greatest common factor of 35622 and 27.
9
Calculate the greatest common divisor of 79 and 237.
79
What is the highest common divisor of 304 and 32?
16
Calculate the highest common divisor of 143 and 33.
11
What is the highest common divisor of 110 and 682?
22
Calculate the greatest common divisor of 57 and 1501.
19
What is the highest common divisor of 86 and 1634?
86
Calculate the greatest common divisor of 216 and 2700.
108
What is the greatest common factor of 355 and 3?
1
Calculate the greatest common factor of 10 and 1030.
10
What is the highest common divisor of 2024 and 264?
88
Calculate the greatest common factor of 22 and 236.
2
What is the highest common factor of 128 and 544?
32
What is the greatest common factor of 18 and 567?
9
Calculate the greatest common factor of 33 and 2343.
33
What is the greatest common factor of 680 and 136?
136
What is the greatest common factor of 2640 and 7680?
240
What is the greatest common divisor of 54 and 513?
27
Calculate the highest common divisor of 44 and 110.
22
Calculate the greatest common divisor of 24 and 132.
12
What is the greatest common divisor of 256 and 48?
16
Calculate the greatest common factor of 60 and 615.
15
Calculate the highest common divisor of 48 and 272.
16
What is the greatest common divisor of 358 and 6?
2
What is the greatest common factor of 92 and 140?
4
What is the highest common factor of 17266 and 178?
178
What is the greatest common factor of 13512 and 36?
12
What is the greatest common divisor of 190 and 38?
38
What is the highest common factor of 6817 and 34?
17
What is the highest common factor of 32 and 12304?
16
What is the highest common divisor of 493 and 29?
29
Calculate the highest common divisor of 43 and 172.
43
Calculate the highest common factor of 33 and 297.
33
What is the greatest common divisor of 21 and 127533?
21
Calculate the greatest common factor of 4662 and 882.
126
What is the highest common factor of 15 and 24?
3
What is the greatest common factor of 16 and 296?
8
Calculate the highest common divisor of 5000 and 40.
40
What is the greatest common divisor of 41 and 41?
41
Calculate the highest common factor of 9797 and 97.
97
Calculate the highest common factor of 16 and 464.
16
Calculate the greatest common divisor of 28388 and 188.
188
Calculate the highest common factor of 120 and 3840.
120
Calculate the highest common divisor of 122 and 793.
61
Calculate the highest common factor of 33 and 153.
3
What is the highest common divisor of 1507 and 22?
11
Calculate the highest common factor of 6596 and 476.
68
Calculate the greatest common factor of 10 and 65.
5
Calculate the highest common divisor of 184 and 3818.
46
Calculate the highest common divisor of 3174 and 12.
6
Calculate the greatest common divisor of 45 and 420.
15
What is the greatest common factor of 3278 and 22?
22
What is the greatest common factor of 380 and 28?
4
What is the highest common factor of 187 and 85?
17
What is the greatest common factor of 50 and 14725?
25
What is the highest common divisor of 3249 and 9?
9
Calculate the highest common factor of 310 and 248.
62
What is the highest common divisor of 14 and 4781?
7
Calculate the greatest common factor of 11 and 2783.
11
Calculate the highest common divisor of 20 and 180.
20
What is the greatest common factor of 51 and 111078?
51
What is the greatest common divisor of 24 and 696?
24
What is the greatest common factor of 957 and 99?
33
Calculate the greatest common factor of 19206 and 594.
198
What is the greatest common d